81 and 30926.
47
Calculate the greatest common factor of 356 and 854222.
178
What is the highest common factor of 1056 and 118?
2
Calculate the greatest common divisor of 612 and 14892.
204
Calculate the highest common factor of 769037 and 328.
41
What is the highest common divisor of 3150 and 21350?
350
Calculate the greatest common divisor of 516 and 64887.
129
What is the highest common divisor of 807270 and 22010?
710
What is the greatest common factor of 162058 and 92?
46
What is the highest common factor of 1752875 and 2775?
925
What is the greatest common factor of 74880 and 900?
180
What is the highest common divisor of 1557 and 2384113?
173
Calculate the highest common divisor of 2424 and 4047474.
606
Calculate the greatest common divisor of 3366 and 83946.
102
Calculate the highest common divisor of 5292 and 8532.
108
What is the greatest common factor of 9442352 and 496?
496
What is the highest common factor of 15 and 3010?
5
What is the greatest common factor of 2594835 and 7740?
1935
What is the greatest common divisor of 4854 and 81?
3
What is the greatest common divisor of 30 and 76308?
6
What is the greatest common factor of 10667595 and 15?
15
What is the greatest common divisor of 33832 and 8?
8
Calculate the greatest common divisor of 270063 and 1332.
333
Calculate the greatest common factor of 180642 and 1870.
374
Calculate the highest common factor of 37992 and 36.
12
What is the highest common factor of 20 and 4959590?
10
What is the highest common divisor of 2436 and 29580?
348
Calculate the greatest common divisor of 37968 and 30.
6
What is the greatest common divisor of 237372 and 453?
453
Calculate the highest common divisor of 342 and 17841.
57
Calculate the highest common factor of 1562 and 28534.
22
What is the greatest common factor of 36611 and 217?
31
What is the greatest common factor of 11520 and 3240?
360
What is the highest common divisor of 175608 and 9?
9
What is the highest common factor of 116281 and 12463?
121
Calculate the highest common divisor of 3595 and 155.
5
What is the highest common divisor of 1793138 and 9142?
1306
Calculate the highest common divisor of 174468 and 186.
186
Calculate the greatest common divisor of 15 and 23545.
5
Calculate the greatest common factor of 76000 and 17860.
380
Calculate the greatest common factor of 50 and 1855340.
10
Calculate the greatest common divisor of 330900 and 18.
6
Calculate the highest common factor of 10345 and 80.
5
What is the greatest common divisor of 1 and 18121?
1
What is the highest common factor of 112493 and 134?
67
What is the greatest common factor of 70 and 138120?
10
What is the greatest common factor of 56 and 240512?
8
What is the greatest common divisor of 849650 and 40?
10
What is the highest common factor of 408 and 3893?
17
Calculate the greatest common divisor of 243 and 8197443.
81
Calculate the greatest common divisor of 2299237 and 2949.
983
What is the highest common factor of 3723493 and 3638?
1819
What is the highest common divisor of 11454 and 61005?
249
Calculate the greatest common divisor of 2185 and 40.
5
Calculate the greatest common divisor of 90110 and 270.
10
Calculate the greatest common divisor of 7098 and 97110.
78
Calculate the greatest common divisor of 55 and 7940.
5
What is the greatest common factor of 2471874 and 505?
101
What is the highest common factor of 270 and 1464750?
270
Calculate the highest common divisor of 1253 and 66946.
179
What is the highest common divisor of 189 and 24969?
21
What is the highest common factor of 6528 and 1488?
48
What is the greatest common divisor of 12151 and 10063?
29
Calculate the greatest common divisor of 32242 and 392.
98
Calculate the highest common factor of 169371 and 5289.
123
Calculate the highest common factor of 10750391 and 863.
863
Calculate the highest common divisor of 59327 and 164.
41
Calculate the highest common factor of 124797 and 204.
51
What is the highest common divisor of 15 and 430140?
15
Calculate the greatest common factor of 84 and 183288.
84
What is the highest common factor of 20968 and 108?
4
What is the greatest common factor of 2423165 and 874?
437
What is the highest common divisor of 28 and 2441698?
14
Calculate the greatest common divisor of 47194 and 56.
14
What is the highest common factor of 888 and 2784?
24
What is the highest common divisor of 573308 and 272?
68
Calculate the greatest common factor of 2604 and 2564072.
868
Calculate the highest common factor of 494514 and 332.
166
What is the highest common divisor of 58 and 157702?
58
Calculate the greatest common divisor of 135174 and 78.
78
Calculate the highest common factor of 61 and 94123.
61
Calculate the highest common divisor of 3798 and 13536.
18
Calculate the highest common divisor of 1351 and 3227539.
1351
What is the greatest common divisor of 40 and 1096?
8
What is the highest common factor of 31482 and 550?
22
What is the highest common divisor of 4455350 and 10?
10
Calculate the highest common divisor of 152 and 15922.
38
What is the highest common divisor of 495 and 1903?
11
What is the highest common divisor of 25225 and 725?
25
Calculate the greatest common divisor of 1704 and 277113.
213
Calculate the greatest common factor of 44242 and 66.
22
Calculate the greatest common factor of 1760 and 30080.
160
Calculate the highest common divisor of 1070 and 120.
10
What is the greatest common factor of 340 and 15040?
20
Calculate the greatest common divisor of 20092 and 48.
4
Calculate the greatest common factor of 60426 and 648.
162
Calculate the highest common factor of 11017 and 12328.
23
What is the greatest common factor of 84 and 57918?
42
Calculate the greatest common factor of 1098 and 130296.
366
What is the greatest common divisor of 5246 and 19049?
43
Calculate the greatest common divisor of 1035147 and 51.
51
What is the highest common factor of 28798 and 70?
14
Calculate the highest common factor of 111 and 21.
3
Calculate the highest common divisor of 16 and 7069096.
8
Calculate the greatest common factor of 3889323 and 621.
621
Calculate the greatest common divisor of 39050 and 1650.
550
Calculate the greatest common divisor of 2037 and 20937.
21
Calculate the greatest common factor of 291441 and 57.
57
What is the greatest common divisor of 3125775 and 71?
71
What is the greatest common factor of 10710 and 414?
18
What is the highest common factor of 1242 and 3888?
54
Calculate the greatest common factor of 5781 and 656.
41
Calculate the highest common divisor of 12850860 and 132.
132
Calculate the greatest common divisor of 9140 and 420.
20
Calculate the greatest common divisor of 132858 and 53802.
1098
Calculate the highest common divisor of 2782445 and 485.
485
Calculate the highest common divisor of 29403 and 15.
3
Calculate the highest common factor of 176 and 52656.
16
What is the greatest common divisor of 116123 and 1113?
371
Calculate the greatest common factor of 14 and 114254.
14
What is the greatest common factor of 8 and 118124?
4
Calculate the greatest common factor of 1330 and 5110.
70
Calculate the highest common factor of 9954 and 378.
126
What is the greatest common divisor of 5940 and 77880?
660
What is the highest common divisor of 32409 and 585855?
2493
What is the highest common divisor of 1744127 and 847?
77
Calculate the highest common factor of 117160 and 1080.
40
What is the highest common divisor of 24 and 9726?
6
Calculate the greatest common factor of 83776 and 220.
44
What is the greatest common factor of 49735 and 4480?
35
What is the highest common factor of 21 and 1783222?
7
What is the greatest common factor of 100 and 3308?
4
Calculate the highest common factor of 44462 and 25542.
946
What is the highest common factor of 98430 and 5190?
30
What is the greatest common factor of 240 and 18390?
30
Calculate the greatest common factor of 66036 and 12.
12
Calculate the greatest common factor of 108117 and 369.
369
Calculate the greatest common divisor of 553 and 364.
7
Calculate the highest common divisor of 2 and 4577802.
2
What is the greatest common divisor of 42 and 4184019?
21
Calculate the greatest common factor of 12790 and 240.
10
Calculate the highest common divisor of 20569 and 201.
67
What is the highest comm